{"id":168302,"date":"2026-03-04T21:59:57","date_gmt":"2026-03-04T21:59:57","guid":{"rendered":""},"modified":"2026-03-04T21:59:57","modified_gmt":"2026-03-04T21:59:57","slug":"32363-2","status":"publish","type":"nekretnine","link":"https:\/\/cw-cbs.rs\/en\/nekretnine\/32363\/kancelarijski-prostor\/poslovna-zgrada\/iznajmljivanje\/beograd-stari-grad","title":{"rendered":"32363"},"content":{"rendered":"","protected":false},"excerpt":{"rendered":"<div class=\"card-text mb-3 rich-text\"><\/div><a href=\"https:\/\/cw-cbs.rs\/en\/nekretnine\/32363\/kancelarijski-prostor\/poslovna-zgrada\/iznajmljivanje\/beograd-stari-grad\" class=\"btn btn-secondary btn-no-radius btn-block\">Learn More<\/a>.","protected":false},"author":1,"featured_media":168303,"parent":0,"menu_order":0,"template":"","format":"standard","meta":{"footnotes":""},"yoast_head":"<!-- This site is optimized with the Yoast SEO plugin v23.8 - https:\/\/yoast.com\/wordpress\/plugins\/seo\/ -->\n<title>32363 - CBS International<\/title>\n<meta name=\"robots\" content=\"index, follow, max-snippet:-1, max-image-preview:large, max-video-preview:-1\" \/>\n<link rel=\"canonical\" href=\"https:\/\/cw-cbs.rs\/nekretnine\/32363\/kancelarijski-prostor\/poslovna-zgrada\/iznajmljivanje\/beograd-stari-grad\/\" \/>\n<meta property=\"og:locale\" content=\"en_US\" \/>\n<meta property=\"og:type\" content=\"article\" \/>\n<meta property=\"og:title\" content=\"32363 - CBS International\" \/>\n<meta property=\"og:description\" content=\"[...]Read More...\" \/>\n<meta property=\"og:url\" content=\"https:\/\/cw-cbs.rs\/nekretnine\/32363\/kancelarijski-prostor\/poslovna-zgrada\/iznajmljivanje\/beograd-stari-grad\/\" \/>\n<meta property=\"og:site_name\" content=\"CBS International\" \/>\n<meta property=\"og:image\" content=\"https:\/\/cw-cbs.rs\/wp-content\/uploads\/2026\/03\/as5ukny2d17te60o169605862_q2_61ba170603f65_B2_Office_Centar_Kancelarijski_Prostor_Izdavanje_Rentibz1gzaakptuk69tRESIZE.jpg\" \/>\n\t<meta property=\"og:image:width\" content=\"1100\" \/>\n\t<meta property=\"og:image:height\" content=\"720\" \/>\n\t<meta property=\"og:image:type\" content=\"image\/jpeg\" \/>\n<meta name=\"twitter:card\" content=\"summary_large_image\" \/>\n<script type=\"application\/ld+json\" class=\"yoast-schema-graph\">{\"@context\":\"https:\/\/schema.org\",\"@graph\":[{\"@type\":\"WebPage\",\"@id\":\"https:\/\/cw-cbs.rs\/nekretnine\/32363\/kancelarijski-prostor\/poslovna-zgrada\/iznajmljivanje\/beograd-stari-grad\/\",\"url\":\"https:\/\/cw-cbs.rs\/nekretnine\/32363\/kancelarijski-prostor\/poslovna-zgrada\/iznajmljivanje\/beograd-stari-grad\/\",\"name\":\"32363 - CBS International\",\"isPartOf\":{\"@id\":\"https:\/\/cw-cbs.rs\/en\/#website\"},\"primaryImageOfPage\":{\"@id\":\"https:\/\/cw-cbs.rs\/nekretnine\/32363\/kancelarijski-prostor\/poslovna-zgrada\/iznajmljivanje\/beograd-stari-grad\/#primaryimage\"},\"image\":{\"@id\":\"https:\/\/cw-cbs.rs\/nekretnine\/32363\/kancelarijski-prostor\/poslovna-zgrada\/iznajmljivanje\/beograd-stari-grad\/#primaryimage\"},\"thumbnailUrl\":\"https:\/\/cw-cbs.rs\/wp-content\/uploads\/2026\/03\/as5ukny2d17te60o169605862_q2_61ba170603f65_B2_Office_Centar_Kancelarijski_Prostor_Izdavanje_Rentibz1gzaakptuk69tRESIZE.jpg\",\"datePublished\":\"2026-03-04T21:59:57+00:00\",\"dateModified\":\"2026-03-04T21:59:57+00:00\",\"breadcrumb\":{\"@id\":\"https:\/\/cw-cbs.rs\/nekretnine\/32363\/kancelarijski-prostor\/poslovna-zgrada\/iznajmljivanje\/beograd-stari-grad\/#breadcrumb\"},\"inLanguage\":\"en-US\",\"potentialAction\":[{\"@type\":\"ReadAction\",\"target\":[\"https:\/\/cw-cbs.rs\/nekretnine\/32363\/kancelarijski-prostor\/poslovna-zgrada\/iznajmljivanje\/beograd-stari-grad\/\"]}]},{\"@type\":\"ImageObject\",\"inLanguage\":\"en-US\",\"@id\":\"https:\/\/cw-cbs.rs\/nekretnine\/32363\/kancelarijski-prostor\/poslovna-zgrada\/iznajmljivanje\/beograd-stari-grad\/#primaryimage\",\"url\":\"https:\/\/cw-cbs.rs\/wp-content\/uploads\/2026\/03\/as5ukny2d17te60o169605862_q2_61ba170603f65_B2_Office_Centar_Kancelarijski_Prostor_Izdavanje_Rentibz1gzaakptuk69tRESIZE.jpg\",\"contentUrl\":\"https:\/\/cw-cbs.rs\/wp-content\/uploads\/2026\/03\/as5ukny2d17te60o169605862_q2_61ba170603f65_B2_Office_Centar_Kancelarijski_Prostor_Izdavanje_Rentibz1gzaakptuk69tRESIZE.jpg\",\"width\":1100,\"height\":720},{\"@type\":\"BreadcrumbList\",\"@id\":\"https:\/\/cw-cbs.rs\/nekretnine\/32363\/kancelarijski-prostor\/poslovna-zgrada\/iznajmljivanje\/beograd-stari-grad\/#breadcrumb\",\"itemListElement\":[{\"@type\":\"ListItem\",\"position\":1,\"name\":\"\u041f\u043e\u0447\u0435\u0442\u043d\u0430\",\"item\":\"https:\/\/cw-cbs.rs\/en\/\"},{\"@type\":\"ListItem\",\"position\":2,\"name\":\"Nekretnine\",\"item\":\"https:\/\/cw-cbs.rs\/nekretnine\/\"},{\"@type\":\"ListItem\",\"position\":3,\"name\":\"32363\"}]},{\"@type\":\"WebSite\",\"@id\":\"https:\/\/cw-cbs.rs\/en\/#website\",\"url\":\"https:\/\/cw-cbs.rs\/en\/\",\"name\":\"CBS International\",\"description\":\"Cushman &amp; Wakefield Serbia\",\"potentialAction\":[{\"@type\":\"SearchAction\",\"target\":{\"@type\":\"EntryPoint\",\"urlTemplate\":\"https:\/\/cw-cbs.rs\/en\/?s={search_term_string}\"},\"query-input\":{\"@type\":\"PropertyValueSpecification\",\"valueRequired\":true,\"valueName\":\"search_term_string\"}}],\"inLanguage\":\"en-US\"}]}<\/script>\n<!-- \/ Yoast SEO plugin. -->","yoast_head_json":{"title":"32363 - CBS International","robots":{"index":"index","follow":"follow","max-snippet":"max-snippet:-1","max-image-preview":"max-image-preview:large","max-video-preview":"max-video-preview:-1"},"canonical":"https:\/\/cw-cbs.rs\/nekretnine\/32363\/kancelarijski-prostor\/poslovna-zgrada\/iznajmljivanje\/beograd-stari-grad\/","og_locale":"en_US","og_type":"article","og_title":"32363 - CBS International","og_description":"[...]Read More...","og_url":"https:\/\/cw-cbs.rs\/nekretnine\/32363\/kancelarijski-prostor\/poslovna-zgrada\/iznajmljivanje\/beograd-stari-grad\/","og_site_name":"CBS International","og_image":[{"width":1100,"height":720,"url":"https:\/\/cw-cbs.rs\/wp-content\/uploads\/2026\/03\/as5ukny2d17te60o169605862_q2_61ba170603f65_B2_Office_Centar_Kancelarijski_Prostor_Izdavanje_Rentibz1gzaakptuk69tRESIZE.jpg","type":"image\/jpeg"}],"twitter_card":"summary_large_image","schema":{"@context":"https:\/\/schema.org","@graph":[{"@type":"WebPage","@id":"https:\/\/cw-cbs.rs\/nekretnine\/32363\/kancelarijski-prostor\/poslovna-zgrada\/iznajmljivanje\/beograd-stari-grad\/","url":"https:\/\/cw-cbs.rs\/nekretnine\/32363\/kancelarijski-prostor\/poslovna-zgrada\/iznajmljivanje\/beograd-stari-grad\/","name":"32363 - CBS International","isPartOf":{"@id":"https:\/\/cw-cbs.rs\/en\/#website"},"primaryImageOfPage":{"@id":"https:\/\/cw-cbs.rs\/nekretnine\/32363\/kancelarijski-prostor\/poslovna-zgrada\/iznajmljivanje\/beograd-stari-grad\/#primaryimage"},"image":{"@id":"https:\/\/cw-cbs.rs\/nekretnine\/32363\/kancelarijski-prostor\/poslovna-zgrada\/iznajmljivanje\/beograd-stari-grad\/#primaryimage"},"thumbnailUrl":"https:\/\/cw-cbs.rs\/wp-content\/uploads\/2026\/03\/as5ukny2d17te60o169605862_q2_61ba170603f65_B2_Office_Centar_Kancelarijski_Prostor_Izdavanje_Rentibz1gzaakptuk69tRESIZE.jpg","datePublished":"2026-03-04T21:59:57+00:00","dateModified":"2026-03-04T21:59:57+00:00","breadcrumb":{"@id":"https:\/\/cw-cbs.rs\/nekretnine\/32363\/kancelarijski-prostor\/poslovna-zgrada\/iznajmljivanje\/beograd-stari-grad\/#breadcrumb"},"inLanguage":"en-US","potentialAction":[{"@type":"ReadAction","target":["https:\/\/cw-cbs.rs\/nekretnine\/32363\/kancelarijski-prostor\/poslovna-zgrada\/iznajmljivanje\/beograd-stari-grad\/"]}]},{"@type":"ImageObject","inLanguage":"en-US","@id":"https:\/\/cw-cbs.rs\/nekretnine\/32363\/kancelarijski-prostor\/poslovna-zgrada\/iznajmljivanje\/beograd-stari-grad\/#primaryimage","url":"https:\/\/cw-cbs.rs\/wp-content\/uploads\/2026\/03\/as5ukny2d17te60o169605862_q2_61ba170603f65_B2_Office_Centar_Kancelarijski_Prostor_Izdavanje_Rentibz1gzaakptuk69tRESIZE.jpg","contentUrl":"https:\/\/cw-cbs.rs\/wp-content\/uploads\/2026\/03\/as5ukny2d17te60o169605862_q2_61ba170603f65_B2_Office_Centar_Kancelarijski_Prostor_Izdavanje_Rentibz1gzaakptuk69tRESIZE.jpg","width":1100,"height":720},{"@type":"BreadcrumbList","@id":"https:\/\/cw-cbs.rs\/nekretnine\/32363\/kancelarijski-prostor\/poslovna-zgrada\/iznajmljivanje\/beograd-stari-grad\/#breadcrumb","itemListElement":[{"@type":"ListItem","position":1,"name":"\u041f\u043e\u0447\u0435\u0442\u043d\u0430","item":"https:\/\/cw-cbs.rs\/en\/"},{"@type":"ListItem","position":2,"name":"Nekretnine","item":"https:\/\/cw-cbs.rs\/nekretnine\/"},{"@type":"ListItem","position":3,"name":"32363"}]},{"@type":"WebSite","@id":"https:\/\/cw-cbs.rs\/en\/#website","url":"https:\/\/cw-cbs.rs\/en\/","name":"CBS International","description":"Cushman &amp; Wakefield Serbia","potentialAction":[{"@type":"SearchAction","target":{"@type":"EntryPoint","urlTemplate":"https:\/\/cw-cbs.rs\/en\/?s={search_term_string}"},"query-input":{"@type":"PropertyValueSpecification","valueRequired":true,"valueName":"search_term_string"}}],"inLanguage":"en-US"}]}},"post-meta-fields":{"price_monthrent":["14"],"description_id":["The B2 office building in Balkanska Street or the Smart Building on Terazije is a multifunctional building that has a unique integrated electronic control system, after which the smart building is popularly named. The functional structure of the building includes commercial and residential-office space on the above-ground floors, and in the four underground floors there is a garage with 220 parking spaces, auxiliary rooms and a shelter on 207 m2. The ground floor is reserved for retail space, and on the six floors above are commercial and residential apartments from 80 to 240 m2."],"description_en":["The B2 office building in Balkanska Street or the Smart Building on Terazije is a multifunctional building that has a unique integrated electronic control system, after which the smart building is popularly named. The functional structure of the building includes commercial and residential-office space on the above-ground floors, and in the four underground floors there is a garage with 220 parking spaces, auxiliary rooms and a shelter on 207 m2. The ground floor is reserved for retail space, and on the six floors above are commercial and residential apartments from 80 to 240 m2."],"description_sr":["Poslovna zgrada B2 u Balkanskoj ulici ili Pametna zgrada na Terazijama je multifunkcionalna zgrada koja poseduje jedinstveni integrisani elektronski sistem kontrole po kome je popularno nazvana pametna zgrada. Funkcionalna struktura objekta obuhvata poslovni i stambeno-kancelarijski prostor na nadzemnim eta\u017eama, a u \u010detiri podzemne eta\u017ee sme\u0161teni su gara\u017ea od 220 parking mesta, pomo\u0107ne prostorije i skloni\u0161te na 207 m2. Prizemlje je rezervisano za lokale, a na \u0161est nadzemnih spratova nalaze se poslovni i apartmani za stanovanje od 80 do 240 m2."],"area_id":["Beograd - Stari grad"],"longitude_id":["20.4594223"],"latitude_id":["44.81253210000001"],"size_id":["2526"],"furniture_id":[","],"propertyid_id":["32363"],"property_type_id":["Office Building"],"property_type":["OFFICE"],"property_subtype":["OFFICEBUILD"],"rent_id":["1"],"disclaimer_srb":[""],"disclaimer_eng":[""],"rent_price_mu":[""],"class_forweb":["3"],"custom_permalink":["nekretnine\/32363\/kancelarijski-prostor\/poslovna-zgrada\/iznajmljivanje\/beograd-stari-grad"],"_thumbnail_id":["168303"],"properties_images_meta":["168304,168305,168306"]},"_links":{"self":[{"href":"https:\/\/cw-cbs.rs\/en\/wp-json\/wp\/v2\/nekretnine\/168302"}],"collection":[{"href":"https:\/\/cw-cbs.rs\/en\/wp-json\/wp\/v2\/nekretnine"}],"about":[{"href":"https:\/\/cw-cbs.rs\/en\/wp-json\/wp\/v2\/types\/nekretnine"}],"author":[{"embeddable":true,"href":"https:\/\/cw-cbs.rs\/en\/wp-json\/wp\/v2\/users\/1"}],"version-history":[{"count":0,"href":"https:\/\/cw-cbs.rs\/en\/wp-json\/wp\/v2\/nekretnine\/168302\/revisions"}],"wp:featuredmedia":[{"embeddable":true,"href":"https:\/\/cw-cbs.rs\/en\/wp-json\/wp\/v2\/media\/168303"}],"wp:attachment":[{"href":"https:\/\/cw-cbs.rs\/en\/wp-json\/wp\/v2\/media?parent=168302"}],"curies":[{"name":"wp","href":"https:\/\/api.w.org\/{rel}","templated":true}]}}

<!-- This site is optimized with the Yoast SEO plugin v23.8 - https://yoast.com/wordpress/plugins/seo/ -->
<title>32363 - CBS International</title>
<meta name="robots" content="index, follow, max-snippet:-1, max-image-preview:large, max-video-preview:-1" />
<link rel="canonical" href="https://cw-cbs.rs/nekretnine/32363/kancelarijski-prostor/poslovna-zgrada/iznajmljivanje/beograd-stari-grad/" />
<meta property="og:locale" content="en_US" />
<meta property="og:type" content="article" />
<meta property="og:title" content="32363 - CBS International" />
<meta property="og:description" content="[...]Read More..." />
<meta property="og:url" content="https://cw-cbs.rs/nekretnine/32363/kancelarijski-prostor/poslovna-zgrada/iznajmljivanje/beograd-stari-grad/" />
<meta property="og:site_name" content="CBS International" />
<meta property="og:image" content="https://cw-cbs.rs/wp-content/uploads/2026/03/as5ukny2d17te60o169605862_q2_61ba170603f65_B2_Office_Centar_Kancelarijski_Prostor_Izdavanje_Rentibz1gzaakptuk69tRESIZE.jpg" />
	<meta property="og:image:width" content="1100" />
	<meta property="og:image:height" content="720" />
	<meta property="og:image:type" content="image/jpeg" />
<meta name="twitter:card" content="summary_large_image" />
<script type="application/ld+json" class="yoast-schema-graph">{"@context":"https://schema.org","@graph":[{"@type":"WebPage","@id":"https://cw-cbs.rs/nekretnine/32363/kancelarijski-prostor/poslovna-zgrada/iznajmljivanje/beograd-stari-grad/","url":"https://cw-cbs.rs/nekretnine/32363/kancelarijski-prostor/poslovna-zgrada/iznajmljivanje/beograd-stari-grad/","name":"32363 - CBS International","isPartOf":{"@id":"https://cw-cbs.rs/en/#website"},"primaryImageOfPage":{"@id":"https://cw-cbs.rs/nekretnine/32363/kancelarijski-prostor/poslovna-zgrada/iznajmljivanje/beograd-stari-grad/#primaryimage"},"image":{"@id":"https://cw-cbs.rs/nekretnine/32363/kancelarijski-prostor/poslovna-zgrada/iznajmljivanje/beograd-stari-grad/#primaryimage"},"thumbnailUrl":"https://cw-cbs.rs/wp-content/uploads/2026/03/as5ukny2d17te60o169605862_q2_61ba170603f65_B2_Office_Centar_Kancelarijski_Prostor_Izdavanje_Rentibz1gzaakptuk69tRESIZE.jpg","datePublished":"2026-03-04T21:59:57+00:00","dateModified":"2026-03-04T21:59:57+00:00","breadcrumb":{"@id":"https://cw-cbs.rs/nekretnine/32363/kancelarijski-prostor/poslovna-zgrada/iznajmljivanje/beograd-stari-grad/#breadcrumb"},"inLanguage":"en-US","potentialAction":[{"@type":"ReadAction","target":["https://cw-cbs.rs/nekretnine/32363/kancelarijski-prostor/poslovna-zgrada/iznajmljivanje/beograd-stari-grad/"]}]},{"@type":"ImageObject","inLanguage":"en-US","@id":"https://cw-cbs.rs/nekretnine/32363/kancelarijski-prostor/poslovna-zgrada/iznajmljivanje/beograd-stari-grad/#primaryimage","url":"https://cw-cbs.rs/wp-content/uploads/2026/03/as5ukny2d17te60o169605862_q2_61ba170603f65_B2_Office_Centar_Kancelarijski_Prostor_Izdavanje_Rentibz1gzaakptuk69tRESIZE.jpg","contentUrl":"https://cw-cbs.rs/wp-content/uploads/2026/03/as5ukny2d17te60o169605862_q2_61ba170603f65_B2_Office_Centar_Kancelarijski_Prostor_Izdavanje_Rentibz1gzaakptuk69tRESIZE.jpg","width":1100,"height":720},{"@type":"BreadcrumbList","@id":"https://cw-cbs.rs/nekretnine/32363/kancelarijski-prostor/poslovna-zgrada/iznajmljivanje/beograd-stari-grad/#breadcrumb","itemListElement":[{"@type":"ListItem","position":1,"name":"Почетна","item":"https://cw-cbs.rs/en/"},{"@type":"ListItem","position":2,"name":"Nekretnine","item":"https://cw-cbs.rs/nekretnine/"},{"@type":"ListItem","position":3,"name":"32363"}]},{"@type":"WebSite","@id":"https://cw-cbs.rs/en/#website","url":"https://cw-cbs.rs/en/","name":"CBS International","description":"Cushman &amp; Wakefield Serbia","potentialAction":[{"@type":"SearchAction","target":{"@type":"EntryPoint","urlTemplate":"https://cw-cbs.rs/en/?s={search_term_string}"},"query-input":{"@type":"PropertyValueSpecification","valueRequired":true,"valueName":"search_term_string"}}],"inLanguage":"en-US"}]}</script>
<!-- / Yoast SEO plugin. -->

Почетна

Poslovna zgrada B2 u Balkanskoj ulici ili Pametna zgrada na Terazijama je multifunkcionalna zgrada koja poseduje jedinstveni integrisani elektronski sistem kontrole po kome je popularno nazvana pametna zgrada. Funkcionalna struktura objekta obuhvata poslovni i stambeno-kancelarijski prostor na nadzemnim etažama, a u četiri podzemne etaže smešteni su garaža od 220 parking mesta, pomoćne prostorije i sklonište na 207 m2. Prizemlje je rezervisano za lokale, a na šest nadzemnih spratova nalaze se poslovni i apartmani za stanovanje od 80 do 240 m2.
