{"version":"1.0","provider_name":"CBS International","provider_url":"https:\/\/cw-cbs.rs\/en","author_name":"admincushmanwakefield","author_url":"https:\/\/cw-cbs.rs\/en\/author\/admincushmanwakefield\/","title":"[:sr]REPEX Retail & Property Expo 2025 \u2013 Sarajevo[:en]REPEX Retail & Property Expo 2025 in Sarajevo [:] - CBS International","type":"rich","width":600,"height":338,"html":"<blockquote class=\"wp-embedded-content\" data-secret=\"F6XBT7VhTk\"><a href=\"https:\/\/cw-cbs.rs\/en\/news\/repex-retail-property-expo-2025-sarajevo\/\">REPEX Retail &#038; Property Expo 2025 in Sarajevo<\/a><\/blockquote><iframe sandbox=\"allow-scripts\" security=\"restricted\" src=\"https:\/\/cw-cbs.rs\/en\/news\/repex-retail-property-expo-2025-sarajevo\/embed\/#?secret=F6XBT7VhTk\" width=\"600\" height=\"338\" title=\"&#8220;REPEX Retail &#038; Property Expo 2025 in Sarajevo&#8221; &#8212; CBS International\" data-secret=\"F6XBT7VhTk\" frameborder=\"0\" marginwidth=\"0\" marginheight=\"0\" scrolling=\"no\" class=\"wp-embedded-content\"><\/iframe><script type=\"text\/javascript\">\n\/* <![CDATA[ *\/\n\/*! This file is auto-generated *\/\n!function(d,l){\"use strict\";l.querySelector&&d.addEventListener&&\"undefined\"!=typeof URL&&(d.wp=d.wp||{},d.wp.receiveEmbedMessage||(d.wp.receiveEmbedMessage=function(e){var t=e.data;if((t||t.secret||t.message||t.value)&&!\/[^a-zA-Z0-9]\/.test(t.secret)){for(var s,r,n,a=l.querySelectorAll('iframe[data-secret=\"'+t.secret+'\"]'),o=l.querySelectorAll('blockquote[data-secret=\"'+t.secret+'\"]'),c=new RegExp(\"^https?:$\",\"i\"),i=0;i<o.length;i++)o[i].style.display=\"none\";for(i=0;i<a.length;i++)s=a[i],e.source===s.contentWindow&&(s.removeAttribute(\"style\"),\"height\"===t.message?(1e3<(r=parseInt(t.value,10))?r=1e3:~~r<200&&(r=200),s.height=r):\"link\"===t.message&&(r=new URL(s.getAttribute(\"src\")),n=new URL(t.value),c.test(n.protocol))&&n.host===r.host&&l.activeElement===s&&(d.top.location.href=t.value))}},d.addEventListener(\"message\",d.wp.receiveEmbedMessage,!1),l.addEventListener(\"DOMContentLoaded\",function(){for(var e,t,s=l.querySelectorAll(\"iframe.wp-embedded-content\"),r=0;r<s.length;r++)(t=(e=s[r]).getAttribute(\"data-secret\"))||(t=Math.random().toString(36).substring(2,12),e.src+=\"#?secret=\"+t,e.setAttribute(\"data-secret\",t)),e.contentWindow.postMessage({message:\"ready\",secret:t},\"*\")},!1)))}(window,document);\n\/* ]]> *\/\n<\/script>\n","thumbnail_url":"https:\/\/cw-cbs.rs\/wp-content\/uploads\/2025\/04\/BANER-375x229-31.jpg","thumbnail_width":375,"thumbnail_height":229,"description":"We were proud to have our Director of Brokerage Operations, Du\u0161an Mileti\u0107, represent the company as a speaker at the REPEX Retail &#038; Property Expo 2025 in Sarajevo. Du\u0161an took part in the panel \u201cThe Trends Reshaping Retail Property Assets,\u201d where he shared insights on the current market dynamics and future directions of retail property. [...]Read More..."}

We were proud to have our Director of Brokerage Operations, Dušan Miletić, represent the company as a speaker at the REPEX Retail &#038; Property Expo 2025 in Sarajevo. Dušan took part in the panel “The Trends Reshaping Retail Property Assets,” where he shared insights on the current market dynamics and future directions of retail property. [...]Read More...
